{"id":940,"date":"2026-07-21T13:36:29","date_gmt":"2026-07-21T13:36:29","guid":{"rendered":"https:\/\/freedom.degree\/projects\/vaster-bridge\/"},"modified":"2026-08-01T11:50:54","modified_gmt":"2026-08-01T11:50:54","slug":"pasarela-eskilstuna","status":"publish","type":"project","link":"https:\/\/freedom.degree\/es\/projects\/pasarela-eskilstuna\/","title":{"rendered":"Pasarela de Eskilstuna"},"content":{"rendered":"\n<p class=\"wp-block-paragraph\">La pasarela peatonal de Eskilstuna conecta el centro de la ciudad con el distrito de Munktellstaden y forma parte de la regeneraci\u00f3n de su antigua zona industrial.<\/p>\n\n\n<div class=\" awards-block border-t border-b border-black mb-10\">\n        <div class=\"flex flex-col gap-1 py-2\">\n                            <div class=\"grid grid-cols-6 gap-5\">\n                    <div class=\"col-span-1\">\n                                                    Premios\n                                            <\/div>\n                    <div class=\"col-span-1\">2016<\/div>\n                    <div class=\"col-span-4\">Premio de Buena Arquitectura de la Asociaci\u00f3n Sueca de Arquitectos<\/div>\n                <\/div>\n                    <\/div>\n    <\/div>\n\n\n\n<p class=\"wp-block-paragraph\">Impulsado por el Ayuntamiento de Eskilstuna, el proyecto se enmarca en la transformaci\u00f3n de este \u00e1mbito en un nuevo distrito urbano con piscina p\u00fablica, instalaciones deportivas y culturales, viviendas y espacios p\u00fablicos. M\u00e1s all\u00e1 de mejorar la conexi\u00f3n peatonal entre ambas orillas, la intervenci\u00f3n buscaba reforzar la calidad urbana del frente fluvial mediante una soluci\u00f3n integrada en el paisaje. Durante la fase de dise\u00f1o conceptual se desarrollaron tres alternativas, resultando seleccionada una propuesta caracterizada por una estructura ligera con arcos inclinados bajo el tablero. La pasarela est\u00e1 formada por tres vanos: un vano principal de 32 metros y dos vanos laterales de 16,5 metros que reproducen la misma geometr\u00eda, dando lugar a una estructura esbelta y equilibrada. <\/p>\n\n\n\n<p class=\"wp-block-paragraph\">Degree of Freedom colabor\u00f3 con WSP Suecia durante la fase de dise\u00f1o preliminar y fue responsable del dise\u00f1o conceptual, tanto arquitect\u00f3nico como estructural.<\/p>\n\n\n<div class=\" my-10\">\n                        <div>\n                <img decoding=\"async\" src=\"https:\/\/freedom.degree\/wp-content\/uploads\/2026\/07\/Vaster-bridge_Michael-Perlmutter-Goran-Jonsson_07.jpg\" alt=\"\" class=\"w-full h-auto object-cover\" \/>\n                            <\/div>\n            <\/div>\n\n\n<div class=\" my-10\">\n                        <div>\n                <img decoding=\"async\" src=\"https:\/\/freedom.degree\/wp-content\/uploads\/2026\/07\/Vaster-bridge_Michael-Perlmutter-Goran-Jonsson_06_1.jpg\" alt=\"\" class=\"w-full h-auto object-cover\" \/>\n                            <\/div>\n            <\/div>\n\n\n<div class=\" my-10\">\n                        <div>\n                <img decoding=\"async\" src=\"https:\/\/freedom.degree\/wp-content\/uploads\/2026\/07\/Vaster-bridge_Michael-Perlmutter-Goran-Jonsson_04_1.jpg\" alt=\"\" class=\"w-full h-auto object-cover\" \/>\n                            <\/div>\n            <\/div>\n\n\n<div class=\" my-10\">\n                        <div>\n                <img decoding=\"async\" src=\"https:\/\/freedom.degree\/wp-content\/uploads\/2026\/07\/Vaster-bridge_Michael-Perlmutter-Goran-Jonsson_01.jpg\" alt=\"\" class=\"w-full h-auto object-cover\" \/>\n                                    <div class=\"mt-2.5 grid grid-cols-6\">\n                        <div class=\"col-span-2 text-[12px] text-black\">\n                            Michael Perlmutter \/ Goran Jonsson\n                        <\/div>\n                    <\/div>\n                            <\/div>\n            <\/div>\n\n\n\n<p class=\"wp-block-paragraph\"><\/p>\n","protected":false},"featured_media":943,"menu_order":0,"template":"","typology":[37],"material":[38],"location":[42],"class_list":["post-940","project","type-project","status-publish","has-post-thumbnail","hentry","typology-puentes-e-infraestructuras","material-acero","location-suecia"],"acf":[],"_links":{"self":[{"href":"https:\/\/freedom.degree\/es\/wp-json\/wp\/v2\/project\/940","targetHints":{"allow":["GET"]}}],"collection":[{"href":"https:\/\/freedom.degree\/es\/wp-json\/wp\/v2\/project"}],"about":[{"href":"https:\/\/freedom.degree\/es\/wp-json\/wp\/v2\/types\/project"}],"wp:featuredmedia":[{"embeddable":true,"href":"https:\/\/freedom.degree\/es\/wp-json\/wp\/v2\/media\/943"}],"wp:attachment":[{"href":"https:\/\/freedom.degree\/es\/wp-json\/wp\/v2\/media?parent=940"}],"wp:term":[{"taxonomy":"typology","embeddable":true,"href":"https:\/\/freedom.degree\/es\/wp-json\/wp\/v2\/typology?post=940"},{"taxonomy":"material","embeddable":true,"href":"https:\/\/freedom.degree\/es\/wp-json\/wp\/v2\/material?post=940"},{"taxonomy":"location","embeddable":true,"href":"https:\/\/freedom.degree\/es\/wp-json\/wp\/v2\/location?post=940"}],"curies":[{"name":"wp","href":"https:\/\/api.w.org\/{rel}","templated":true}]}}

<p class="wp-block-paragraph">La pasarela peatonal de Eskilstuna conecta el centro de la ciudad con el distrito de Munktellstaden y forma parte de la regeneración de su antigua zona industrial.</p>


<div class=" awards-block border-t border-b border-black mb-10">
        <div class="flex flex-col gap-1 py-2">
                            <div class="grid grid-cols-6 gap-5">
                    <div class="col-span-1">
                                                    Premios
                                            </div>
                    <div class="col-span-1">2016</div>
                    <div class="col-span-4">Premio de Buena Arquitectura de la Asociación Sueca de Arquitectos</div>
                </div>
                    </div>
    </div>



<p class="wp-block-paragraph">Impulsado por el Ayuntamiento de Eskilstuna, el proyecto se enmarca en la transformación de este ámbito en un nuevo distrito urbano con piscina pública, instalaciones deportivas y culturales, viviendas y espacios públicos. Más allá de mejorar la conexión peatonal entre ambas orillas, la intervención buscaba reforzar la calidad urbana del frente fluvial mediante una solución integrada en el paisaje. Durante la fase de diseño conceptual se desarrollaron tres alternativas, resultando seleccionada una propuesta caracterizada por una estructura ligera con arcos inclinados bajo el tablero. La pasarela está formada por tres vanos: un vano principal de 32 metros y dos vanos laterales de 16,5 metros que reproducen la misma geometría, dando lugar a una estructura esbelta y equilibrada. </p>



<p class="wp-block-paragraph">Degree of Freedom colaboró con WSP Suecia durante la fase de diseño preliminar y fue responsable del diseño conceptual, tanto arquitectónico como estructural.</p>


<div class=" my-10">
                        <div>
                <img decoding="async" src="https://freedom.degree/wp-content/uploads/2026/07/Vaster-bridge_Michael-Perlmutter-Goran-Jonsson_07.jpg" alt="" class="w-full h-auto object-cover" />
                            </div>
            </div>


<div class=" my-10">
                        <div>
                <img decoding="async" src="https://freedom.degree/wp-content/uploads/2026/07/Vaster-bridge_Michael-Perlmutter-Goran-Jonsson_06_1.jpg" alt="" class="w-full h-auto object-cover" />
                            </div>
            </div>


<div class=" my-10">
                        <div>
                <img decoding="async" src="https://freedom.degree/wp-content/uploads/2026/07/Vaster-bridge_Michael-Perlmutter-Goran-Jonsson_04_1.jpg" alt="" class="w-full h-auto object-cover" />
                            </div>
            </div>


<div class=" my-10">
                        <div>
                <img decoding="async" src="https://freedom.degree/wp-content/uploads/2026/07/Vaster-bridge_Michael-Perlmutter-Goran-Jonsson_01.jpg" alt="" class="w-full h-auto object-cover" />
                                    <div class="mt-2.5 grid grid-cols-6">
                        <div class="col-span-2 text-[12px] text-black">
                            Michael Perlmutter / Goran Jonsson
                        </div>
                    </div>
                            </div>
            </div>



<p class="wp-block-paragraph"></p>
